36.
1633
What is the remainder when 76101 is divided by 4441?
604
Calculate the remainder when 658286 is divided by 27372.
1358
What is the remainder when 727681 is divided by 1189?
13
What is the remainder when 3013117 is divided by 16833?
10
Calculate the remainder when 155303533 is divided by 5751982.
19
What is the remainder when 2562846 is divided by 46597?
11
Calculate the remainder when 265657559 is divided by 27.
23
Calculate the remainder when 486630 is divided by 4894.
2124
What is the remainder when 52792 is divided by 1291?
1152
What is the remainder when 1992017 is divided by 39?
14
Calculate the remainder when 8467599 is divided by 39.
36
Calculate the remainder when 3023634 is divided by 181.
29
Calculate the remainder when 782527 is divided by 145.
107
What is the remainder when 587920 is divided by 194831?
3427
Calculate the remainder when 264121 is divided by 1715.
11
What is the remainder when 5593733 is divided by 51?
2
Calculate the remainder when 269609 is divided by 200.
9
Calculate the remainder when 1933427 is divided by 421.
195
What is the remainder when 1142974 is divided by 146?
86
Calculate the remainder when 1152806 is divided by 24522.
272
Calculate the remainder when 10410224 is divided by 276.
56
Calculate the remainder when 22528961 is divided by 1108.
1105
Calculate the remainder when 3893110 is divided by 1297657.
139
What is the remainder when 31586 is divided by 15482?
622
Calculate the remainder when 2982130 is divided by 293.
269
What is the remainder when 36182537 is divided by 76?
1
Calculate the remainder when 1330732 is divided by 367.
357
What is the remainder when 4798507 is divided by 252536?
323
What is the remainder when 1623789 is divided by 811888?
13
What is the remainder when 47079 is divided by 11439?
1323
What is the remainder when 34359 is divided by 2470?
2249
What is the remainder when 203024 is divided by 3685?
349
What is the remainder when 3497123 is divided by 437139?
11
What is the remainder when 107057025 is divided by 9434?
9427
What is the remainder when 63929 is divided by 3193?
69
Calculate the remainder when 3801249 is divided by 137.
47
What is the remainder when 11555 is divided by 18?
17
What is the remainder when 1011497 is divided by 207?
95
Calculate the remainder when 484289 is divided by 22651.
8618
What is the remainder when 78574 is divided by 39125?
324
What is the remainder when 5500235 is divided by 197?
192
Calculate the remainder when 519961 is divided by 101.
13
What is the remainder when 409197 is divided by 24068?
41
Calculate the remainder when 313445 is divided by 313439.
6
What is the remainder when 30141 is divided by 3446?
2573
What is the remainder when 4777298 is divided by 1194315?
38
What is the remainder when 199388148 is divided by 25?
23
What is the remainder when 1749820 is divided by 437433?
88
What is the remainder when 4145048 is divided by 455?
453
Calculate the remainder when 42343 is divided by 1316.
231
What is the remainder when 3886418 is divided by 13733?
13712
Calculate the remainder when 22867 is divided by 9844.
3179
What is the remainder when 37639 is divided by 317?
233
What is the remainder when 4018467 is divided by 3371?
235
What is the remainder when 68700 is divided by 2434?
548
Calculate the remainder when 98013165 is divided by 1548.
1545
Calculate the remainder when 36857081 is divided by 7.
2
What is the remainder when 1044277 is divided by 174027?
115
What is the remainder when 3385049 is divided by 892?
801
What is the remainder when 3235074 is divided by 294090?
84
What is the remainder when 18367297 is divided by 2118?
1
What is the remainder when 435249 is divided by 13182?
243
Calculate the remainder when 35753475 is divided by 1178.
1175
Calculate the remainder when 2088097 is divided by 522023.
5
What is the remainder when 4036298 is divided by 1345422?
32
Calculate the remainder when 7009878 is divided by 2336611.
45
Calculate the remainder when 450862 is divided by 20492.
38
What is the remainder when 2062786 is divided by 3892?
26
What is the remainder when 3927726 is divided by 3927613?
113
What is the remainder when 35814639 is divided by 305?
14
Calculate the remainder when 8120225 is divided by 29.
22
Calculate the remainder when 1284846 is divided by 4430.
146
What is the remainder when 1088506 is divided by 14322?
34
Calculate the remainder when 668585 is divided by 15746.
7253
Calculate the remainder when 51918925 is divided by 195.
175
What is the remainder when 1976497 is divided by 2769?
2200
What is the remainder when 100801 is divided by 172?
9
Calculate the remainder when 7363618 is divided by 914.
434
Calculate the remainder when 80794801 is divided by 1507.
10
Calculate the remainder when 4143222 is divided by 1176.
174
What is the remainder when 463568 is divided by 9862?
54
What is the remainder when 73331575 is divided by 101?
20
What is the remainder when 14876 is divided by 1479?
86
What is the remainder when 14764950 is divided by 30?
0
Calculate the remainder when 5968 is divided by 690.
448
What is the remainder when 367172459 is divided by 3330?
3329
Calculate the remainder when 205011 is divided by 420.
51
Calculate the remainder when 176152 is divided by 3597.
3496
What is the remainder when 16896078 is divided by 18963?
45
Calculate the remainder when 18447676 is divided by 527076.
16
What is the remainder when 98443745 is divided by 723851?
9
Calculate the remainder when 8985893 is divided by 6676.
6673
Calculate the remainder when 17521040 is divided by 730043.
8
Calculate the remainder when 1165701 is divided by 773.
17
What is the remainder when 53515657 is divided by 2512?
9
What is the remainder when 2626377 is divided by 2626368?
9
What is the remainder when 9462321 is divided by 4731160?
1
What is the remainder when 7009219 is divided by 109?
83
Calculate the remainder when 3683692 is divided by 83718.
100
Calculate the remainder when 10958477 is divided by 194.
193
What is the remainder when 56432 is divided by 8026?
250
What is the remainder when 2316625 is divided by 634?
623
Calculate the remainder when 6186677 is divided by 1910.
187
Calculate the remainder when 756337 is divided by 252102.
31
Calculate the remainder when 541742 is divided by 49248.
14
Calculate the remainder when 12158 is divided by 54.
8
What is the remainder when 10987766 is divided by 161?
160
Calculate the remainder when 77379573 is divided by 1437.
1434
What is the remainder when 1153702 is divided by 5268?
10
What is the remainder when 2933 is divided by 1402?
129
Calculate the remainder when 26122807 is divided by 19805.
12
Calculate the remainder when 1587167 is divided by 3511.
195
Calculate the remainder when 787593 is divided by 151.
128
Calculate the remainder when 1357380 is divided by 2080.
1220
What is the remainder when 5046965 is divided by 21029?
5
Calculate the remainder when 168914 is divided by 3319.
2964
What is the remainder when 6912970 is divided by 23?
21
What is the remainder when 3780587 is divided by 45?
2
What is the remainder when 1569050 is divided by 1569038?
12
What is the remainder when 1343707 is divided by 139?
133
What is the remainder when 8073914 is divided by 13?
4
Calculate the remainder when 162968 is divided by 162883.
85
Calculate the remainder when 9248749 is divided by 2070.
2059
What is the remainder when 10227545 is divided by 2556880?
25
What is the remainder when 1130909 is divided by 564651?
1607
Calculate the remainder when 23893 is divided by 932.
593
Calculate the remainder when 861872 is divided by 25345.
142
Calculate the remainder when 27413561 is divided by 506.
505
Calculate the remainder when 1119477 is divided by 186571.
51
Calculate the remainder when 28412805 is divided by 87424.
5
What is the remainder when 3463889 is divided by 3018?
2243
What is the remainder when 14589 is divided by 6923?
743
Calculate the remainder when 1767936 is divided by 7653.
93
Calculate the remainder when 52402950 is divided by 1710.
0
What is the remainder when 13797 is divided by 10686?
3111
Calculate the remainder when 23771856 is divided by 20.
16
What is the remainder when 11898 is divided by 1431?
450
What is the remainder when 11291753 is divided by 